[INFO] fetching crate plutchik 0.2.0...
[INFO] checking plutchik-0.2.0 against master#af3c6e733a40e671550e0f0f5aeecaa13772ba56 for pr-74989
[INFO] extracting crate plutchik 0.2.0 into /workspace/builds/worker-5/source
[INFO] validating manifest of crates.io crate plutchik 0.2.0 on toolchain af3c6e733a40e671550e0f0f5aeecaa13772ba56
[INFO] running `Command { std: "/workspace/cargo-home/bin/cargo" "+af3c6e733a40e671550e0f0f5aeecaa13772ba56" "read-manifest" "--manifest-path" "Cargo.toml", kill_on_drop: false }`
[INFO] started tweaking crates.io crate plutchik 0.2.0
[INFO] finished tweaking crates.io crate plutchik 0.2.0
[INFO] tweaked toml for crates.io crate plutchik 0.2.0 written to /workspace/builds/worker-5/source/Cargo.toml
[INFO] running `Command { std: "/workspace/cargo-home/bin/cargo" "+af3c6e733a40e671550e0f0f5aeecaa13772ba56" "generate-lockfile" "--manifest-path" "Cargo.toml" "-Zno-index-update", kill_on_drop: false }`
[INFO] running `Command { std: "/workspace/cargo-home/bin/cargo" "+af3c6e733a40e671550e0f0f5aeecaa13772ba56" "fetch" "--locked" "--manifest-path" "Cargo.toml", kill_on_drop: false }`
[INFO] running `Command { std: "docker" "create" "-v" "/var/lib/crater-agent-workspace/builds/worker-5/target:/opt/rustwide/target:rw,Z" "-v" "/var/lib/crater-agent-workspace/builds/worker-5/source:/opt/rustwide/workdir:ro,Z" "-v" "/var/lib/crater-agent-workspace/cargo-home:/opt/rustwide/cargo-home:ro,Z" "-v" "/var/lib/crater-agent-workspace/rustup-home:/opt/rustwide/rustup-home:ro,Z" "-e" "SOURCE_DIR=/opt/rustwide/workdir" "-e" "CARGO_TARGET_DIR=/opt/rustwide/target" "-e" "CARGO_HOME=/opt/rustwide/cargo-home" "-e" "RUSTUP_HOME=/opt/rustwide/rustup-home" "-w" "/opt/rustwide/workdir" "-m" "1610612736" "--user" "0:0" "--network" "none" "rustops/crates-build-env@sha256:d92eaeed33fa75130ca1ee6c8a01d1ffb62bac859dfdfb3450e3e5d1c0146529" "/opt/rustwide/cargo-home/bin/cargo" "+af3c6e733a40e671550e0f0f5aeecaa13772ba56" "metadata" "--no-deps" "--format-version=1", kill_on_drop: false }`
[INFO] [stdout] 6550acb461acc165c78d06dcd8ed824f028a6864f4db60439fe8ef0c0ad812a7
[INFO] [stderr] WARNING: Your kernel does not support swap limit capabilities or the cgroup is not mounted. Memory limited without swap.
[INFO] running `Command { std: "docker" "start" "-a" "6550acb461acc165c78d06dcd8ed824f028a6864f4db60439fe8ef0c0ad812a7", kill_on_drop: false }`
[INFO] running `Command { std: "docker" "inspect" "6550acb461acc165c78d06dcd8ed824f028a6864f4db60439fe8ef0c0ad812a7", kill_on_drop: false }`
[INFO] running `Command { std: "docker" "rm" "-f" "6550acb461acc165c78d06dcd8ed824f028a6864f4db60439fe8ef0c0ad812a7", kill_on_drop: false }`
[INFO] [stdout] 6550acb461acc165c78d06dcd8ed824f028a6864f4db60439fe8ef0c0ad812a7
[INFO] running `Command { std: "docker" "create" "-v" "/var/lib/crater-agent-workspace/builds/worker-5/target:/opt/rustwide/target:rw,Z" "-v" "/var/lib/crater-agent-workspace/builds/worker-5/source:/opt/rustwide/workdir:ro,Z" "-v" "/var/lib/crater-agent-workspace/cargo-home:/opt/rustwide/cargo-home:ro,Z" "-v" "/var/lib/crater-agent-workspace/rustup-home:/opt/rustwide/rustup-home:ro,Z" "-e" "SOURCE_DIR=/opt/rustwide/workdir" "-e" "CARGO_TARGET_DIR=/opt/rustwide/target" "-e" "CARGO_INCREMENTAL=0" "-e" "RUST_BACKTRACE=full" "-e" "RUSTFLAGS=--cap-lints=forbid" "-e" "CARGO_HOME=/opt/rustwide/cargo-home" "-e" "RUSTUP_HOME=/opt/rustwide/rustup-home" "-w" "/opt/rustwide/workdir" "-m" "1610612736" "--user" "0:0" "--network" "none" "rustops/crates-build-env@sha256:d92eaeed33fa75130ca1ee6c8a01d1ffb62bac859dfdfb3450e3e5d1c0146529" "/opt/rustwide/cargo-home/bin/cargo" "+af3c6e733a40e671550e0f0f5aeecaa13772ba56" "check" "--frozen" "--all" "--all-targets" "--message-format=json", kill_on_drop: false }`
[INFO] [stdout] 8f55b198aaf5943733307be2687c469155492bd47bcb4eef02f48962245e9f62
[INFO] [stderr] WARNING: Your kernel does not support swap limit capabilities or the cgroup is not mounted. Memory limited without swap.
[INFO] running `Command { std: "docker" "start" "-a" "8f55b198aaf5943733307be2687c469155492bd47bcb4eef02f48962245e9f62", kill_on_drop: false }`
[INFO] [stderr]    Compiling libc v0.2.77
[INFO] [stderr]     Checking getrandom v0.1.15
[INFO] [stderr]     Checking rand_core v0.5.1
[INFO] [stderr]     Checking rand_chacha v0.2.2
[INFO] [stderr]     Checking rand v0.7.3
[INFO] [stderr]     Checking plutchik v0.2.0 (/opt/rustwide/workdir)
[INFO] [stdout] error[E0405]: cannot find trait `Rand` in crate `rand`
[INFO] [stdout]    --> src/lib.rs:258:12
[INFO] [stdout]     |
[INFO] [stdout] 258 | impl rand::Rand for Emotion {
[INFO] [stdout]     |            ^^^^ not found in `rand`
[INFO] [stdout] 
[INFO] [stdout] 
[INFO] [stdout] error[E0405]: cannot find trait `Rand` in crate `rand`
[INFO] [stdout]    --> src/lib.rs:265:12
[INFO] [stdout]     |
[INFO] [stdout] 265 | impl rand::Rand for Wheel {
[INFO] [stdout]     |            ^^^^ not found in `rand`
[INFO] [stdout] 
[INFO] [stdout] 
[INFO] [stdout] error: aborting due to 2 previous errors
[INFO] [stdout] 
[INFO] [stdout] 
[INFO] [stdout] For more information about this error, try `rustc --explain E0405`.
[INFO] [stdout] 
[INFO] [stderr] error: could not compile `plutchik`.
[INFO] [stderr] 
[INFO] [stderr] To learn more, run the command again with --verbose.
[INFO] [stderr] warning: build failed, waiting for other jobs to finish...
[INFO] [stdout] error[E0405]: cannot find trait `Rand` in crate `rand`
[INFO] [stdout]    --> src/lib.rs:258:12
[INFO] [stdout]     |
[INFO] [stdout] 258 | impl rand::Rand for Emotion {
[INFO] [stdout]     |            ^^^^ not found in `rand`
[INFO] [stdout] 
[INFO] [stdout] 
[INFO] [stdout] error[E0405]: cannot find trait `Rand` in crate `rand`
[INFO] [stdout]    --> src/lib.rs:265:12
[INFO] [stdout]     |
[INFO] [stdout] 265 | impl rand::Rand for Wheel {
[INFO] [stdout]     |            ^^^^ not found in `rand`
[INFO] [stdout] 
[INFO] [stdout] 
[INFO] [stdout] error: aborting due to 2 previous errors
[INFO] [stdout] 
[INFO] [stdout] 
[INFO] [stdout] For more information about this error, try `rustc --explain E0405`.
[INFO] [stdout] 
[INFO] [stderr] error: build failed
[INFO] running `Command { std: "docker" "inspect" "8f55b198aaf5943733307be2687c469155492bd47bcb4eef02f48962245e9f62", kill_on_drop: false }`
[INFO] running `Command { std: "docker" "rm" "-f" "8f55b198aaf5943733307be2687c469155492bd47bcb4eef02f48962245e9f62", kill_on_drop: false }`
[INFO] [stdout] 8f55b198aaf5943733307be2687c469155492bd47bcb4eef02f48962245e9f62
